{"id":82,"date":"2025-10-15T19:19:37","date_gmt":"2025-10-15T19:19:37","guid":{"rendered":"http:\/\/www.dobretaxi.nysa.pl\/?page_id=82"},"modified":"2025-10-15T19:19:37","modified_gmt":"2025-10-15T19:19:37","slug":"polityka-prywatnosci","status":"publish","type":"page","link":"https:\/\/www.dobretaxi.nysa.pl\/?page_id=82","title":{"rendered":"Polityka prywatno\u015bci"},"content":{"rendered":"<p data-start=\"131\" data-end=\"381\">Nasza strona internetowa <strong data-start=\"156\" data-end=\"177\">dobretaxi.nysa.pl<\/strong> nie wykorzystuje plik\u00f3w cookies w celach marketingowych ani analitycznych.<br data-start=\"252\" data-end=\"255\" \/>Mo\u017cliwe jest jedynie u\u017cycie podstawowych, technicznych plik\u00f3w cookies, kt\u00f3re s\u0105 niezb\u0119dne do prawid\u0142owego dzia\u0142ania serwisu.<\/p>\n<p data-start=\"383\" data-end=\"458\">Nie zbieramy danych u\u017cytkownik\u00f3w w celach reklamowych ani statystycznych.<\/p>\n","protected":false},"excerpt":{"rendered":"<p>Nasza strona internetowa dobretaxi.nysa.pl nie wykorzystuje plik\u00f3w cookies w celach marketingowych ani analitycznych.Mo\u017cliwe jest jedynie u\u017cycie podstawowych, technicznych plik\u00f3w cookies, kt\u00f3re s\u0105 niezb\u0119dne do prawid\u0142owego dzia\u0142ania serwisu. Nie zbieramy danych u\u017cytkownik\u00f3w w celach reklamowych ani statystycznych.<\/p>\n","protected":false},"author":1,"featured_media":0,"parent":0,"menu_order":0,"comment_status":"closed","ping_status":"closed","template":"","meta":{"footnotes":""},"class_list":["post-82","page","type-page","status-publish","hentry"],"_links":{"self":[{"href":"https:\/\/www.dobretaxi.nysa.pl\/index.php?rest_route=\/wp\/v2\/pages\/82","targetHints":{"allow":["GET"]}}],"collection":[{"href":"https:\/\/www.dobretaxi.nysa.pl\/index.php?rest_route=\/wp\/v2\/pages"}],"about":[{"href":"https:\/\/www.dobretaxi.nysa.pl\/index.php?rest_route=\/wp\/v2\/types\/page"}],"author":[{"embeddable":true,"href":"https:\/\/www.dobretaxi.nysa.pl\/index.php?rest_route=\/wp\/v2\/users\/1"}],"replies":[{"embeddable":true,"href":"https:\/\/www.dobretaxi.nysa.pl\/index.php?rest_route=%2Fwp%2Fv2%2Fcomments&post=82"}],"version-history":[{"count":1,"href":"https:\/\/www.dobretaxi.nysa.pl\/index.php?rest_route=\/wp\/v2\/pages\/82\/revisions"}],"predecessor-version":[{"id":83,"href":"https:\/\/www.dobretaxi.nysa.pl\/index.php?rest_route=\/wp\/v2\/pages\/82\/revisions\/83"}],"wp:attachment":[{"href":"https:\/\/www.dobretaxi.nysa.pl\/index.php?rest_route=%2Fwp%2Fv2%2Fmedia&parent=82"}],"curies":[{"name":"wp","href":"https:\/\/api.w.org\/{rel}","templated":true}]}}